{"id":330,"date":"2020-04-02T15:23:44","date_gmt":"2020-04-02T15:23:44","guid":{"rendered":"http:\/\/foerderverein-asr.de\/?page_id=330"},"modified":"2024-11-08T19:57:25","modified_gmt":"2024-11-08T19:57:25","slug":"datenschutzerklaerung","status":"publish","type":"page","link":"http:\/\/foerderverein-asr.de\/?page_id=330","title":{"rendered":"Datenschutzerkl\u00e4rung"},"content":{"rendered":"\n<h2 class=\"wp-block-heading\" style=\"font-size:clamp(0.875rem, 0.875rem + ((1vw - 0.2rem) * 0.708), 1.3rem);\">DATENSCHUTZERKL\u00c4rung<\/h2>\n\n\n\n<p>Die Adresse unserer Website ist: <a href=\"http:\/\/foerderverein-asr.de\">http:\/\/foerderverein-asr.de<\/a>.<\/p>\n\n\n\n<p>Datenschutzbeauftragte: Maria Hrubesch<\/p>\n\n\n\n<p><strong>Datenschutzrechtliche Informationen gem. Art. 13 und 14 Datenschutz-Grundverordnung (DGSVO)<\/strong><\/p>\n\n\n\n<p>Mit den folgenden Informationen m\u00f6chten wir Sie \u00fcber die Verarbeitung Ihrer personenbezogenen Daten und die Ihnen gem\u00e4\u00df den datenschutzrechtlichen Bestimmungen zustehenden Rechte und Anspr\u00fcche nach den ab dem 25. Mai 2018 geltenden Regelungen der Datenschutz-Grundverordnung (DGSVO) informieren.<\/p>\n\n\n\n<p><strong>Wer ist f\u00fcr die Datenverarbeitung verantwortlich und an wen kann man sich wenden?<\/strong><\/p>\n\n\n\n<p>F\u00fcr die Datenerhebung ist der Verein der Freunde der Albert-Schweitzer-Realschule Regensburg e. V. verantwortlich. Die Postanschrift lautet: Verein der Freunde der Albert-Schweitzer-Realschule Regensburg e. V., Isarstra\u00dfe 24, 93057 Regensburg. Die Datenschutzbeauftragte des Vereins ist Maria Hrubesch, Isarstra\u00dfe 24, 93057 Regensburg, Tel.: 0152 38966049, E-Mail: <a href=\"mailto:Hrubesch.Maria@schulen.regensburg.de\">Hrubesch.Maria@schulen.regensburg.de<\/a><\/p>\n\n\n\n<h2 class=\"wp-block-heading\" style=\"font-size:clamp(0.875rem, 0.875rem + ((1vw - 0.2rem) * 0.708), 1.3rem);\"><strong>Welche Quellen und Daten nutzen wir und woher stammen diese?<\/strong><\/h2>\n\n\n\n<p>Wir verarbeiten personenbezogene Daten, die wir im Rahmen unserer Vereinst\u00e4tigkeit von Erziehungsberechtigten oder im Rahmen der Vereinsverwaltung von den Mitgliedern erhalten haben.<\/p>\n\n\n\n<p>Relevante personenbezogene Daten, die mit der Beitragserkl\u00e4rung beim Antrag auf Mitgliedschaft erhoben werden, sind beispielsweise: Name, Kontaktdaten (Adresse, Telefonnummern, Fax, E-Mail), Geburtsdatum, Bankkontodaten.<\/p>\n\n\n\n<p>Bei der Anmeldung f\u00fcr Ganztagsangebote der Albert-Schweitzer-Realschule werden zus\u00e4tzlich folgende Daten auf freiwilliger Basis erhoben: Angaben zur Gesundheit des Kindes, die f\u00fcr die Betreuung relevant sind (z. B. f\u00fcr Notfallma\u00dfnahmen), Sorgerecht, Beruf der Eltern f\u00fcr gemeinsame Projekte, Herkunftssprache der Eltern (f\u00fcr Elternbriefe), Einwilligung zur Weitergabe der Noten an die Betreuungskr\u00e4fte f\u00fcr die p\u00e4dagogische Arbeit, Anmeldetage f\u00fcr die Betreuung bzw. das Mittagessen, Angaben zu Essensw\u00fcnschen bzw. Nahrungsmittelunvertr\u00e4glichkeiten, Einwilligung in die Ver\u00f6ffentlichung personenbezogener Daten im Rahmen der Ganztagsangebote bzw. der Schule (einschlie\u00dflich Fotos).<\/p>\n\n\n\n<p>Wir verarbeiten au\u00dferdem personenbezogene Daten, die sich w\u00e4hrend der Mitgliedschaft durch pers\u00f6nliche, telefonische oder schriftliche Kontakte ergeben. Dazu geh\u00f6rt auch der von Ihnen oder von uns veranlasste Austausch von Informationen (z. B. Briefverkehr, Telefon, E-Mail, Fax), die bearbeitet und gespeichert bzw. archiviert werden.<\/p>\n\n\n\n<h2 class=\"wp-block-heading\" style=\"font-size:clamp(0.875rem, 0.875rem + ((1vw - 0.2rem) * 0.708), 1.3rem);\"><strong>Wof\u00fcr verarbeiten wir Ihre Daten (Zweck der Verarbeitung) und auf welcher Rechtsgrundlage?<\/strong><\/h2>\n\n\n\n<p>Wir verarbeiten die personenbezogenen Daten im Einklang mit den Bestimmungen der europ\u00e4ischen Datenschutzgrundverordnung (DSGVO) und dem Bayerischen Datenschutzgesetz (BayDSG) sowie aller anderen einschl\u00e4gigen Gesetze.<\/p>\n\n\n\n<p>Wir setzen personenbezogene Daten ein zur Durchf\u00fchrung von Aufgaben der p\u00e4dagogischen Arbeit (z. B. Geburtstage der Kinder) sowie der Verwaltung und Abrechnung des Essengeldes bzw. des Materialgeldes (z. B. Einladungen zu Elternabenden oder zu Mitgliederversammlungen, Bankeinzug der Gelder).<\/p>\n\n\n\n<p>Wir verarbeiten personenbezogene Daten aufgrund Ihrer Einwilligung. Soweit Sie uns eine Einwilligung zur Verarbeitung von personenbezogenen Daten f\u00fcr bestimmte Zwecke (z. B. Kontaktaufnahme \u00fcber Telefon oder E-Mail; Bankeinzug, \u00dcberweisung, Ver\u00f6ffentlichung von Fotos auf der Homepage) erteilt haben, ist die Rechtm\u00e4\u00dfigkeit dieser Verarbeitung gegeben. Eine erteilte Einwilligung kann jederzeit f\u00fcr die Zukunft widerrufen werden. Die Erkl\u00e4rung ist formlos m\u00f6glich.<\/p>\n\n\n\n<h2 class=\"wp-block-heading\" style=\"font-size:clamp(0.875rem, 0.875rem + ((1vw - 0.2rem) * 0.708), 1.3rem);\"><strong>An wen werden die personenbezogenen Daten weitergegeben?<\/strong><\/h2>\n\n\n\n<p>Die Mitglieder des Vorstandes sowie die Mitarbeiter*innen des Ganztagsteams k\u00f6nnen zu den o. g. Zwecken die jeweils relevanten Daten erhalten, sofern sich diese zur Wahrung der Vertraulichkeit verpflichtet haben.<\/p>\n\n\n\n<h2 class=\"wp-block-heading\" style=\"font-size:clamp(0.875rem, 0.875rem + ((1vw - 0.2rem) * 0.708), 1.3rem);\"><strong>Werden Daten an Dritte \u00fcbermittelt?<\/strong><\/h2>\n\n\n\n<p>Eine Daten\u00fcbermittlung findet nur statt, soweit dies im Rahmen Ihrer Einwilligung zur Ausf\u00fchrung und Organisation erforderlich ist. Wir \u00fcbermitteln Ihre personenbezogenen Daten nur dann an Dritte, wenn dies gesetzlich gefordert wird.<\/p>\n\n\n\n<h2 class=\"wp-block-heading\" style=\"font-size:clamp(0.875rem, 0.875rem + ((1vw - 0.2rem) * 0.708), 1.3rem);\"><strong>Wie lange werden die Daten gespeichert?<\/strong><\/h2>\n\n\n\n<p>Wir verarbeiten personenbezogene Daten w\u00e4hrend der Dauer der Mitgliedschaft bzw. w\u00e4hrend der Inanspruchnahme der Ganztagsangebote, sofern es f\u00fcr die Erf\u00fcllung der Aufgaben des Vereins der Freunde der Albert-Schweitzer-Realschule Regensburg erforderlich ist. Danach werden die Daten gel\u00f6scht. Wir archivieren personenbezogene Daten (Namen, Fotos, Rechnungen), sofern diese f\u00fcr das Finanzamt (10 Jahre Aufbewahrungsfrist) und die Erstellung einer Chronik von Bedeutung sind.<\/p>\n\n\n\n<h2 class=\"wp-block-heading\" style=\"font-size:clamp(0.875rem, 0.875rem + ((1vw - 0.2rem) * 0.708), 1.3rem);\"><strong>Welche Datenschutzrechte gibt es?<\/strong><\/h2>\n\n\n\n<p>Sie haben das Recht, Auskunft \u00fcber die zu Ihrer Person gespeicherten Daten zu erhalten (Art. 15 DSGVO). Sollten unrichtige personenbezogene Daten verarbeitet werden, haben Sie das Recht auf Berichtigung (Art. 16 DSGVO). Sie k\u00f6nnen die L\u00f6schung oder Einschr\u00e4nkung der Verarbeitung Ihrer personenbezogenen Daten verlangen, sofern die gesetzlichen Voraussetzungen hierf\u00fcr erf\u00fcllt sind.<\/p>\n\n\n\n<p>Das Beschwerderecht bei der zust\u00e4ndigen Aufsichtsbeh\u00f6rde besteht, wenn Sie der Ansicht sind, dass die Verarbeitung Ihre personenbezogenen Daten nicht rechtm\u00e4\u00dfig erfolgt.<\/p>\n\n\n\n<p>Die Anschrift f\u00fcr die zust\u00e4ndige Aufsichtsbeh\u00f6rde lautet: Bayerisches Landesamt f\u00fcr Datenschutzaufsicht, Promenade 27, 91522 Ansbach, Tel.: 0981 531300.<\/p>\n\n\n\n<p><\/p>\n","protected":false},"excerpt":{"rendered":"<p>DATENSCHUTZERKL\u00c4rung Die Adresse unserer Website ist: http:\/\/foerderverein-asr.de. Datenschutzbeauftragte: Maria Hrubesch Datenschutzrechtliche Informationen gem. Art. 13 und 14 Datenschutz-Grundverordnung (DGSVO) Mit den folgenden Informationen m\u00f6chten wir Sie \u00fcber die Verarbeitung Ihrer personenbezogenen Daten und die Ihnen gem\u00e4\u00df den datenschutzrechtlichen Bestimmungen zustehenden Rechte und Anspr\u00fcche nach den ab dem 25. Mai 2018 geltenden Regelungen der Datenschutz-Grundverordnung (DGSVO) [&hellip;]<\/p>\n","protected":false},"author":1,"featured_media":0,"parent":0,"menu_order":0,"comment_status":"closed","ping_status":"closed","template":"","meta":{"footnotes":""},"class_list":["post-330","page","type-page","status-publish","hentry"],"jetpack_sharing_enabled":true,"_links":{"self":[{"href":"http:\/\/foerderverein-asr.de\/index.php?rest_route=\/wp\/v2\/pages\/330","targetHints":{"allow":["GET"]}}],"collection":[{"href":"http:\/\/foerderverein-asr.de\/index.php?rest_route=\/wp\/v2\/pages"}],"about":[{"href":"http:\/\/foerderverein-asr.de\/index.php?rest_route=\/wp\/v2\/types\/page"}],"author":[{"embeddable":true,"href":"http:\/\/foerderverein-asr.de\/index.php?rest_route=\/wp\/v2\/users\/1"}],"replies":[{"embeddable":true,"href":"http:\/\/foerderverein-asr.de\/index.php?rest_route=%2Fwp%2Fv2%2Fcomments&post=330"}],"version-history":[{"count":6,"href":"http:\/\/foerderverein-asr.de\/index.php?rest_route=\/wp\/v2\/pages\/330\/revisions"}],"predecessor-version":[{"id":628,"href":"http:\/\/foerderverein-asr.de\/index.php?rest_route=\/wp\/v2\/pages\/330\/revisions\/628"}],"wp:attachment":[{"href":"http:\/\/foerderverein-asr.de\/index.php?rest_route=%2Fwp%2Fv2%2Fmedia&parent=330"}],"curies":[{"name":"wp","href":"https:\/\/api.w.org\/{rel}","templated":true}]}}