{"id":568,"date":"2024-11-07T04:25:46","date_gmt":"2024-11-07T04:25:46","guid":{"rendered":"http:\/\/foerderverein-asr.de\/?page_id=568"},"modified":"2024-11-08T07:45:58","modified_gmt":"2024-11-08T07:45:58","slug":"team","status":"publish","type":"page","link":"http:\/\/foerderverein-asr.de\/?page_id=568","title":{"rendered":"Team"},"content":{"rendered":"\n<div class=\"wp-block-group alignfull has-global-padding is-layout-constrained wp-container-core-group-is-layout-669513ed wp-block-group-is-layout-constrained\" style=\"margin-top:0;margin-bottom:0;padding-top:var(--wp--preset--spacing--50);padding-right:var(--wp--preset--spacing--50);padding-bottom:var(--wp--preset--spacing--50);padding-left:var(--wp--preset--spacing--50)\">\n<div class=\"wp-block-group is-vertical is-content-justification-center is-layout-flex wp-container-core-group-is-layout-ce155fab wp-block-group-is-layout-flex\">\n<h2 class=\"wp-block-heading has-text-align-center has-large-font-size\">Lerne unser VorstandsTeam kennen<\/h2>\n<\/div>\n\n\n\n<div style=\"height:var(--wp--preset--spacing--30)\" aria-hidden=\"true\" class=\"wp-block-spacer\"><\/div>\n\n\n\n<div class=\"wp-block-columns alignwide is-layout-flex wp-container-core-columns-is-layout-4935966c wp-block-columns-is-layout-flex\" style=\"padding-right:0;padding-left:0\">\n<div class=\"wp-block-column is-layout-flow wp-block-column-is-layout-flow\">\n<figure class=\"wp-block-image size-full is-style-rounded is-style-rounded--1\"><img loading=\"lazy\" decoding=\"async\" width=\"986\" height=\"1070\" src=\"http:\/\/foerderverein-asr.de\/wp-content\/uploads\/2024\/11\/GetImage.ashx_.jpg\" alt=\"\" class=\"wp-image-569\" style=\"aspect-ratio:1;object-fit:cover\" srcset=\"http:\/\/foerderverein-asr.de\/wp-content\/uploads\/2024\/11\/GetImage.ashx_.jpg 986w, http:\/\/foerderverein-asr.de\/wp-content\/uploads\/2024\/11\/GetImage.ashx_-737x800.jpg 737w, http:\/\/foerderverein-asr.de\/wp-content\/uploads\/2024\/11\/GetImage.ashx_-944x1024.jpg 944w, http:\/\/foerderverein-asr.de\/wp-content\/uploads\/2024\/11\/GetImage.ashx_-768x833.jpg 768w\" sizes=\"auto, (max-width: 986px) 100vw, 986px\" \/><\/figure>\n\n\n\n<div class=\"wp-block-group is-vertical is-content-justification-center is-nowrap is-layout-flex wp-container-core-group-is-layout-21d4e958 wp-block-group-is-layout-flex\">\n<p class=\"has-text-align-center has-small-font-size\"><strong>Dr. Franziska Kluttig<\/strong><\/p>\n\n\n\n<ol class=\"wp-block-list\">\n<li>Vorsitzende<\/li>\n<\/ol>\n<\/div>\n<\/div>\n\n\n\n<div class=\"wp-block-column is-layout-flow wp-block-column-is-layout-flow\">\n<figure class=\"wp-block-image size-full is-style-rounded is-style-rounded--2\"><img loading=\"lazy\" decoding=\"async\" width=\"718\" height=\"742\" src=\"http:\/\/foerderverein-asr.de\/wp-content\/uploads\/2024\/11\/IMG_3265.jpeg\" alt=\"\" class=\"wp-image-593\" style=\"aspect-ratio:1;object-fit:cover\"\/><\/figure>\n\n\n\n<div class=\"wp-block-group is-vertical is-content-justification-center is-nowrap is-layout-flex wp-container-core-group-is-layout-63bfd6c1 wp-block-group-is-layout-flex\">\n<p class=\"has-text-align-center has-small-font-size\"><strong>Maria Hrubesch<\/strong><\/p>\n\n\n\n<p class=\"has-text-align-center has-small-font-size\">2. Vorsitzende<\/p>\n<\/div>\n<\/div>\n\n\n\n<div class=\"wp-block-column is-layout-flow wp-block-column-is-layout-flow\">\n\n\n<div class=\"wp-block-group is-vertical is-content-justification-center is-nowrap is-layout-flex wp-container-core-group-is-layout-63bfd6c1 wp-block-group-is-layout-flex\">\n<p class=\"has-text-align-center has-small-font-size\"><strong>Dagmar Islinger<\/strong><\/p>\n\n\n\n<p class=\"has-text-align-center has-small-font-size\">Schriftf\u00fchrerin<\/p>\n<\/div>\n<\/div>\n\n\n\n<div class=\"wp-block-column is-layout-flow wp-block-column-is-layout-flow\">\n\n\n<div class=\"wp-block-group is-vertical is-content-justification-center is-nowrap is-layout-flex wp-container-core-group-is-layout-21d4e958 wp-block-group-is-layout-flex\">\n<p class=\"has-text-align-center has-small-font-size\"><strong>J\u00e1nos-Andras Fekete-Nov\u00e1k<\/strong><\/p>\n\n\n\n<p class=\"has-text-align-center has-small-font-size\">Kassierer<\/p>\n<\/div>\n<\/div>\n<\/div>\n<\/div>\n","protected":false},"excerpt":{"rendered":"<p>Lerne unser VorstandsTeam kennen Dr. Franziska Kluttig Maria Hrubesch 2. Vorsitzende Dagmar Islinger Schriftf\u00fchrerin J\u00e1nos-Andras Fekete-Nov\u00e1k Kassierer<\/p>\n","protected":false},"author":1,"featured_media":0,"parent":0,"menu_order":0,"comment_status":"closed","ping_status":"closed","template":"","meta":{"footnotes":""},"class_list":["post-568","page","type-page","status-publish","hentry"],"jetpack_sharing_enabled":true,"_links":{"self":[{"href":"http:\/\/foerderverein-asr.de\/index.php?rest_route=\/wp\/v2\/pages\/568","targetHints":{"allow":["GET"]}}],"collection":[{"href":"http:\/\/foerderverein-asr.de\/index.php?rest_route=\/wp\/v2\/pages"}],"about":[{"href":"http:\/\/foerderverein-asr.de\/index.php?rest_route=\/wp\/v2\/types\/page"}],"author":[{"embeddable":true,"href":"http:\/\/foerderverein-asr.de\/index.php?rest_route=\/wp\/v2\/users\/1"}],"replies":[{"embeddable":true,"href":"http:\/\/foerderverein-asr.de\/index.php?rest_route=%2Fwp%2Fv2%2Fcomments&post=568"}],"version-history":[{"count":6,"href":"http:\/\/foerderverein-asr.de\/index.php?rest_route=\/wp\/v2\/pages\/568\/revisions"}],"predecessor-version":[{"id":594,"href":"http:\/\/foerderverein-asr.de\/index.php?rest_route=\/wp\/v2\/pages\/568\/revisions\/594"}],"wp:attachment":[{"href":"http:\/\/foerderverein-asr.de\/index.php?rest_route=%2Fwp%2Fv2%2Fmedia&parent=568"}],"curies":[{"name":"wp","href":"https:\/\/api.w.org\/{rel}","templated":true}]}}